 when 231 is divided by 71?
18
What is the remainder when 822 is divided by 25?
22
Calculate the remainder when 371 is divided by 44.
19
What is the remainder when 21 is divided by 6?
3
Calculate the remainder when 52539 is divided by 185.
184
What is the remainder when 275 is divided by 97?
81
Calculate the remainder when 125 is divided by 14.
13
What is the remainder when 29 is divided by 11?
7
Calculate the remainder when 32 is divided by 30.
2
What is the remainder when 573 is divided by 279?
15
What is the remainder when 187 is divided by 130?
57
Calculate the remainder when 106 is divided by 97.
9
What is the remainder when 789 is divided by 19?
10
What is the remainder when 76787 is divided by 14?
11
What is the remainder when 197 is divided by 119?
78
What is the remainder when 48 is divided by 16?
0
Calculate the remainder when 1725 is divided by 51.
42
Calculate the remainder when 2347 is divided by 47.
44
What is the remainder when 2959 is divided by 74?
73
What is the remainder when 224 is divided by 78?
68
What is the remainder when 79 is divided by 7?
2
Calculate the remainder when 1601 is divided by 146.
141
Calculate the remainder when 178 is divided by 36.
34
What is the remainder when 32 is divided by 2?
0
Calculate the remainder when 45 is divided by 20.
5
Calculate the remainder when 5 is divided by 3.
2
What is the remainder when 2599 is divided by 50?
49
Calculate the remainder when 558 is divided by 19.
7
Calculate the remainder when 431 is divided by 62.
59
Calculate the remainder when 8982 is divided by 28.
22
Calculate the remainder when 115 is divided by 11.
5
Calculate the remainder when 286 is divided by 96.
94
What is the remainder when 287 is divided by 58?
55
Calculate the remainder when 986 is divided by 76.
74
What is the remainder when 827 is divided by 154?
57
What is the remainder when 129 is divided by 48?
33
Calculate the remainder when 723 is divided by 11.
8
What is the remainder when 3359 is divided by 105?
104
Calculate the remainder when 63 is divided by 13.
11
What is the remainder when 6410 is divided by 14?
12
What is the remainder when 397 is divided by 19?
17
What is the remainder when 25 is divided by 15?
10
What is the remainder when 485 is divided by 54?
53
Calculate the remainder when 8010 is divided by 800.
10
Calculate the remainder when 661 is divided by 215.
16
Calculate the remainder when 968 is divided by 51.
50
Calculate the remainder when 135 is divided by 2.
1
What is the remainder when 3310 is divided by 11?
10
Calculate the remainder when 1020 is divided by 151.
114
Calculate the remainder when 13734 is divided by 205.
204
What is the remainder when 414 is divided by 14?
8
What is the remainder when 147 is divided by 34?
11
Calculate the remainder when 221 is divided by 57.
50
What is the remainder when 631 is divided by 79?
78
What is the remainder when 264 is divided by 85?
9
Calculate the remainder when 2974 is divided by 62.
60
Calculate the remainder when 851 is divided by 175.
151
Calculate the remainder when 81 is divided by 17.
13
What is the remainder when 677 is divided by 76?
69
Calculate the remainder when 1906 is divided by 953.
0
What is the remainder when 104 is divided by 32?
8
What is the remainder when 1434 is divided by 5?
4
What is the remainder when 2152 is divided by 166?
160
Calculate the remainder when 395 is divided by 2.
1
Calculate the remainder when 526 is divided by 63.
22
Calculate the remainder when 329 is divided by 85.
74
Calculate the remainder when 286 is divided by 143.
0
Calculate the remainder when 96 is divided by 9.
6
Calculate the remainder when 11446 is divided by 72.
70
Calculate the remainder when 4221 is divided by 58.
45
Calculate the remainder when 224 is divided by 9.
8
What is the remainder when 285 is divided by 29?
24
What is the remainder when 181 is divided by 2?
1
What is the remainder when 2639 is divided by 33?
32
What is the remainder when 190 is divided by 33?
25
Calculate the remainder when 177 is divided by 76.
25
What is the remainder when 594 is divided by 177?
63
What is the remainder when 263 is divided by 44?
43
What is the remainder when 189 is divided by 93?
3
Calculate the remainder when 441 is divided by 90.
81
Calculate the remainder when 179 is divided by 18.
17
What is the remainder when 214 is divided by 93?
28
Calculate the remainder when 301 is divided by 110.
81
What is the remainder when 97 is divided by 40?
17
Calculate the remainder when 142 is divided by 67.
8
What is the remainder when 141 is divided by 12?
9
What is the remainder when 131 is divided by 46?
39
What is the remainder when 666 is divided by 62?
46
Calculate the remainder when 969 is divided by 66.
45
Calculate the remainder when 445 is divided by 106.
21
Calculate the remainder when 248 is divided by 65.
53
Calculate the remainder when 139 is divided by 70.
69
Calculate the remainder when 538 is divided by 4.
2
What is the remainder when 148 is divided by 25?
23
Calculate the remainder when 1666 is divided by 38.
32
Calculate the remainder when 830 is divided by 270.
20
What is the remainder when 140 is divided by 69?
2
Calculate the remainder when 1268 is divided by 12.
8
What is the remainder when 9383 is divided by 361?
358
Calculate the remainder when 82 is divided by 11.
5
Calculate the remainder when 202 is divided by 34.
32
Calculate the remainder when 1292 is divided by 411.
59
Calculate the remainder when 1975 is divided by 655.
10
Calculate the remainder when 691 is divided by 42.
19
Calculate the remainder when 52 is divided by 34.
18
What is the remainder when 297 is divided by 146?
5
What is the remainder when 16 is divided by 7?
2
What is the remainder when 221 is divided by 98?
25
What is the remainder when 904 is divided by 299?
7
What is the remainder when 124 is divided by 18?
16
What is the remainder when 1397 is divided by 14?
11
What is the remainder when 146 is divided by 80?
66
What is the remainder when 230 is divided by 13?
9
Calculate the remainder when 1594 is divided by 11.
10
Calculate the remainder when 588 is divided by 34.
10
What is the remainder when 1511 is divided by 27?
26
Calculate the remainder when 3922 is divided by 21.
16
What is the remainder when 2795 is divided by 15?
5
Calculate the remainder when 81 is divided by 13.
3
Calculate the remainder when 430 is divided by 139.
13
What is the remainder when 625 is divided by 135?
85
What is the remainder when 6990 is divided by 28?
18
Calculate the remainder when 1525 is divided by 81.
67
What is the remainder when 119 is divided by 89?
30
What is the remainder when 128 is divided by 95?
33
What is the remainder when 105 is divided by 60?
45
Calculate the remainder when 277 is divided by 163.
114
What is the remainder when 242 is divided by 68?
38
Calculate the remainder when 413 is divided by 385.
28
Calculate the remainder when 692 is divided by 77.
76
What is the remainder when 493 is divided by 70?
3
Calculate the remainder when 2678 is divided by 47.
46
Calculate the remainder when 639 is divided by 162.
153
What is the remainder when 567 is divided by 64?
55
Calculate the remainder when 437 is divided by 89.
81
What is the remainder when 1810 is divided by 55?
50
What is the remainder when 230 is divided by 70?
20
Calculate the remainder when 1333 is divided by 58.
57
What is the remainder when 99 is divided by 38?
23
What is the remainder when 837 is divided by 12?
9
What is the remainder when 15384 is divided by 90?
84
Calculate the remainder when 4916 is divided by 33.
32
What is the remainder when 77 is divided by 26?
25
What is the remainder when 1364 is divided by 40?
4
What is the remainder when 551 is divided by 56?
47
What is the remainder when 2803 is divided by 23?
20
What is the remainder when 269 is divided by 50?
19
Calculate the remainder when 209 is divided by 42.
41
Calculate the remainder when 23213 is divided by 106.
105
Calculate the remainder when 176 is divided by 44.
0
What is the remainder when 559 is divided by 12?
7
What is the remainder when 1341 is divided by 148?
9
What is the remainder when 1090 is divided by 102?
70
Calculate the remainder when 358 is divided by 32.
6
Calculate the remainder when 582 is divi